 of 315095.
5, 11, 17, 337
What are the prime factors of 23493000?
2, 3, 5, 41, 191
List the prime factors of 2607817.
17, 131, 1171
What are the prime factors of 1298082?
2, 3, 216347
What are the prime factors of 10721977?
7, 163, 9397
What are the prime factors of 320788?
2, 13, 31, 199
List the prime factors of 1197089.
17, 67, 1051
What are the prime factors of 153439?
11, 13, 29, 37
What are the prime factors of 180774?
2, 3, 11, 83
List the prime factors of 2319110.
2, 5, 31, 7481
List the prime factors of 3387099.
3, 1129033
What are the prime factors of 1829491?
19, 96289
List the prime factors of 1768216.
2, 19, 11633
What are the prime factors of 15183223?
11, 19, 72647
What are the prime factors of 679457?
251, 2707
What are the prime factors of 20804774?
2, 29, 358703
What are the prime factors of 29210?
2, 5, 23, 127
List the prime factors of 1495075.
5, 79, 757
What are the prime factors of 7296826?
2, 3648413
List the prime factors of 270373.
167, 1619
What are the prime factors of 115112?
2, 14389
List the prime factors of 18487151.
18487151
List the prime factors of 3399263.
7, 485609
What are the prime factors of 1269498?
2, 3, 211583
List the prime factors of 296582.
2, 11, 13, 17, 61
What are the prime factors of 456250?
2, 5, 73
What are the prime factors of 1309508?
2, 443, 739
List the prime factors of 1949322.
2, 3, 17, 29, 659
What are the prime factors of 224065?
5, 41, 1093
What are the prime factors of 488328?
2, 3, 20347
What are the prime factors of 1355914?
2, 7, 96851
What are the prime factors of 257780?
2, 5, 12889
What are the prime factors of 106576?
2, 6661
List the prime factors of 16967539.
16967539
List the prime factors of 571085.
5, 114217
List the prime factors of 225769.
225769
List the prime factors of 61013.
17, 37, 97
What are the prime factors of 61498?
2, 97, 317
What are the prime factors of 1718880?
2, 3, 5, 3581
What are the prime factors of 550141?
223, 2467
What are the prime factors of 1161954?
2, 3, 64553
What are the prime factors of 3180998?
2, 271, 5869
What are the prime factors of 134795?
5, 26959
What are the prime factors of 6156773?
7, 879539
What are the prime factors of 90049?
17, 5297
What are the prime factors of 5508536?
2, 11, 62597
What are the prime factors of 11139597?
3, 7, 176819
What are the prime factors of 5824117?
13, 53, 79, 107
What are the prime factors of 2009361?
3, 669787
List the prime factors of 2650455.
3, 5, 29, 677
List the prime factors of 863348.
2, 101, 2137
What are the prime factors of 1745343?
3, 53, 3659
List the prime factors of 3132824.
2, 79, 4957
What are the prime factors of 174806?
2, 87403
List the prime factors of 182696.
2, 41, 557
What are the prime factors of 1964801?
1964801
What are the prime factors of 3065779?
3065779
List the prime factors of 736853.
13, 56681
What are the prime factors of 635471?
635471
What are the prime factors of 3271441?
3271441
List the prime factors of 2538381.
3, 19, 44533
List the prime factors of 210809.
210809
List the prime factors of 4627431.
3, 19, 27061
List the prime factors of 809311.
467, 1733
What are the prime factors of 9420546?
2, 3, 1570091
What are the prime factors of 205526?
2, 102763
List the prime factors of 3444392.
2, 7, 61507
What are the prime factors of 7985131?
7, 11, 103703
List the prime factors of 117476.
2, 43, 683
What are the prime factors of 1930842?
2, 3, 107269
List the prime factors of 224361.
3, 97, 257
List the prime factors of 6041899.
263, 22973
What are the prime factors of 35536?
2, 2221
List the prime factors of 18487649.
18487649
What are the prime factors of 588533?
11, 53503
What are the prime factors of 17927803?
101, 139, 1277
List the prime factors of 717891.
3, 239297
List the prime factors of 167400.
2, 3, 5, 31
What are the prime factors of 4873579?
4873579
List the prime factors of 84886.
2, 42443
What are the prime factors of 11136234?
2, 3, 1856039
List the prime factors of 657436.
2, 13, 47, 269
What are the prime factors of 355941?
3, 13183
List the prime factors of 390365.
5, 101, 773
List the prime factors of 261281.
261281
What are the prime factors of 733159?
7, 17, 61, 101
What are the prime factors of 8165399?
11, 43, 61, 283
What are the prime factors of 25006624?
2, 193, 4049
What are the prime factors of 159674?
2, 29, 2753
What are the prime factors of 1504725?
3, 5, 20063
What are the prime factors of 2113514?
2, 13, 37
What are the prime factors of 1132333?
1132333
List the prime factors of 1308949.
17, 37, 2081
What are the prime factors of 16691550?
2, 3, 5, 223, 499
List the prime factors of 1731268.
2, 7, 11, 73
What are the prime factors of 838493?
463, 1811
List the prime factors of 4641791.
7, 11, 23, 2621
List the prime factors of 235347.
3, 7, 1601
What are the prime factors of 500672?
2, 7823
List the prime factors of 3681773.
443, 8311
List the prime factors of 431153.
431153
What are the prime factors of 6810135?
3, 5, 454009
What are the prime factors of 5089231?
7, 829, 877
What are the prime factors of 10691097?
3, 3563699
What are the prime factors of 690662?
2, 7, 49333
List the prime factors of 2610348.
2, 3, 13, 29, 577
What are the prime factors of 385075?
5, 73, 211
What are the prime factors of 17794546?
2, 7, 11, 17, 971
What are the prime factors of 8683171?
7, 19, 65287
What are the prime factors of 529168?
2, 33073
List the prime factors of 439390.
2, 5, 7, 6277
What are the prime factors of 808166?
2, 313, 1291
List the prime factors of 1159679.
31, 37409
List the prime factors of 183745.
5, 36749
List the prime factors of 3737143.
29, 31, 4157
What are the prime factors of 244164?
2, 3, 20347
List the prime factors of 3847.
3847
What are the prime factors of 1944210?
2, 3, 5, 229, 283
What are the prime factors of 1496473?
11, 136043
List the prime factors of 26904890.
2, 5, 97, 27737
What are the prime factors of 65081?
151, 431
What are the prime factors of 326527?
347, 941
List the prime factors of 6100653.
3, 13, 19, 8233
What are the prime factors of 430613?
223, 1931
List the prime factors of 361819.
181, 1999
What are the prime factors of 1167983?
263, 4441
List the prime factors of 362345.
5, 72469
What are the prime factors of 28207965?
3, 5, 83, 139, 163
List the prime factors of 143803.
11, 17, 769
What are the prime factors of 225922?
2, 37, 43, 71
List the prime factors of 437245.
5, 157, 557
What are the prime factors of 56446?
2, 13, 167
List the prime factors of 8678741.
8678741
List the prime factors of 27168381.
3, 3018709
What are the prime factors of 2420316?
2, 3, 67231
What are the prime factors of 478862?
2, 239431
List the prime factors of 144286.
2, 19, 3797
List the prime factors of 4182554.
2, 29, 37, 1949
What are the prime factors of 12135147?
3, 4045049
What are the prime factors of 641539?
23, 27893
List the prime factors of 123145.
5, 11, 2239
List the prime factors of 681185.
5, 136237
List the prime factors of 263976.
2, 3, 17, 647
What are the prime factors of 1944777?
3, 648259
List the prime factors of 1087139.
31, 35069
List the prime factors of 365132.
2, 91283
What are the prime factors of 1803519?
3, 66797
What are the prime factors of 4151205?
3, 5, 29, 3181
What are the prime factors of 333233?
333233
What are the prime factors of 237164?
2, 211, 281
List the prime factors of 279100.
2, 5, 2791
What are the prime factors of 1065900?
2, 3, 5, 11, 17, 19
List the prime factors of 3524101.
7, 19, 26497
List the prime factors of 58318.
2, 13, 2243
What are the prime factors of 178537?
178537
What are the prime factors of 768904?
2, 223, 431
What are the prime factors of 170600?
2, 5, 853
What are the prime factors of 6822067?
7, 974581
List the prime factors of 1402624.
2, 5479
What are the prime factors of 61134?
2, 3, 23, 443
What are the prime factors of 797871?
3, 265957
List the prime factors of 123823.
7, 19
List the prime factors of 666223.
173, 3851
List the prime factors of 502944.
2, 3, 13, 31
List the prime factors of 199853.
199853
What are the prime factors of 263199?
3, 59, 1487
What are the prime factors of 77391?
3, 8599
List the prime factors of 499258.
2, 59, 4231
What are the prime factors of 15989983?
15989983
List the prime factors of 354259.
35425